{"id":2,"date":"2024-03-15T14:54:10","date_gmt":"2024-03-15T13:54:10","guid":{"rendered":"https:\/\/www.susahee.de\/SHblog\/?page_id=2"},"modified":"2024-04-24T11:22:54","modified_gmt":"2024-04-24T09:22:54","slug":"beispiel-seite","status":"publish","type":"page","link":"https:\/\/www.susahee.de\/SHblog\/","title":{"rendered":"Start"},"content":{"rendered":"\t\t<div data-elementor-type=\"wp-page\" data-elementor-id=\"2\" class=\"elementor elementor-2\">\n\t\t\t\t<div class=\"elementor-element elementor-element-76bae4f e-flex e-con-boxed e-con e-parent\" data-id=\"76bae4f\" data-element_type=\"container\">\n\t\t\t\t\t<div class=\"e-con-inner\">\n\t\t\t\t<div class=\"elementor-element elementor-element-ceafa9c elementor-widget elementor-widget-heading\" data-id=\"ceafa9c\" data-element_type=\"widget\" data-widget_type=\"heading.default\">\n\t\t\t\t<div class=\"elementor-widget-container\">\n\t\t\t\t\t<h1 class=\"elementor-heading-title elementor-size-default\">Inszenieren!<\/h1>\t\t\t\t<\/div>\n\t\t\t\t<\/div>\n\t\t\t\t<div class=\"elementor-element elementor-element-1c5b78b elementor-widget elementor-widget-heading\" data-id=\"1c5b78b\" data-element_type=\"widget\" data-widget_type=\"heading.default\">\n\t\t\t\t<div class=\"elementor-widget-container\">\n\t\t\t\t\t<h1 class=\"elementor-heading-title elementor-size-default\">Ideen und Konzepte<\/h1>\t\t\t\t<\/div>\n\t\t\t\t<\/div>\n\t\t\t\t<div class=\"elementor-element elementor-element-8541264 elementor-widget elementor-widget-heading\" data-id=\"8541264\" data-element_type=\"widget\" data-widget_type=\"heading.default\">\n\t\t\t\t<div class=\"elementor-widget-container\">\n\t\t\t\t\t<h1 class=\"elementor-heading-title elementor-size-default\">Performative Kunst<\/h1>\t\t\t\t<\/div>\n\t\t\t\t<\/div>\n\t\t\t\t\t<\/div>\n\t\t\t\t<\/div>\n\t\t<div class=\"elementor-element elementor-element-ebeed43 e-flex e-con-boxed e-con e-parent\" data-id=\"ebeed43\" data-element_type=\"container\">\n\t\t\t\t\t<div class=\"e-con-inner\">\n\t\t<div class=\"elementor-element elementor-element-c913516 e-con-full e-flex e-con e-child\" data-id=\"c913516\" data-element_type=\"container\">\n\t\t\t\t<div class=\"elementor-element elementor-element-beecdac elementor-widget elementor-widget-text-editor\" data-id=\"beecdac\" data-element_type=\"widget\" data-widget_type=\"text-editor.default\">\n\t\t\t\t<div class=\"elementor-widget-container\">\n\t\t\t\t\t\t\t\t\t<p><strong>Deutsch:<\/strong><\/p><p>&#8222;Performance Kunst gibt die M\u00f6glichkeit, Fragmente der kulturellen Vielfalt auszudr\u00fccken&#8230; es sind die sozialen Gegens\u00e4tze \u2013 und, gefiltert durch Emotion und Phantasie, die Welt der Tr\u00e4ume und Vorstellungen.&#8220;<\/p><p>Susanne Helmes ist Performance K\u00fcnstlerin und lebt in K\u00f6ln und Mallorca.<br \/>Als Ethnologin und Kunsthistorikerin kam sie \u00fcber Umwegen zur B\u00fchne, machte eine Ausbildung in klassischer Pantomime und modernem Tanz, arbeitete als Strassenmime und war weltweit als Kellnerin t\u00e4tig.<\/p><p>Seit 1985 ist sie verbunden mit &#8222;Time and Space Limited&#8220;, Linda Mussmann und Claudia Bruce, New York , die mit Merce Cunningham und John Cage ihre Mitstreiter im Dschungel der K\u00fcnste gefunden hatten.<br \/>Diese Zusammenarbeit besteht bis heute \u2013 intellektuell und physisch.<\/p><p><strong>Attacke!<\/strong><br \/>Gr\u00fcndung von SusaHee Performance, mit Basis in K\u00f6ln, als eine eigenst\u00e4ndige, selbstproduzierende, kompromi\u00dflose Eine\u2013Person-und-Mehr Gruppe.<br \/>Die Grundlage ist die Zusammenarbeit mit K\u00fcnstlern unterschiedlicher Sparten.<\/p><p>Von 2002 &#8211; 2014: Projekt AZUL, TanzTheater mit und f\u00fcr Kinder und Jugendliche auf Malloca.<\/p><p>Ab 2016: FLIPBOOK &#8211; interdisziplin\u00e4res und internationales Festival auf Mallorca zum k\u00fcnstlerischen Austausch mit Pr\u00e4sentationen im \u00f6ffentlichen Raum.<\/p><p>&#8222;Die Verbindung von Tanz, Stimme, Objekten, Musik, Texten und visueller Gestaltung schafft das Bild, welches st\u00e4ndig in Ver\u00e4nderung ist&#8220;.<\/p>\t\t\t\t\t\t\t\t<\/div>\n\t\t\t\t<\/div>\n\t\t\t\t<\/div>\n\t\t<div class=\"elementor-element elementor-element-bbaf16c e-con-full e-flex e-con e-child\" data-id=\"bbaf16c\" data-element_type=\"container\">\n\t\t\t\t<div class=\"elementor-element elementor-element-531f63f elementor-widget elementor-widget-text-editor\" data-id=\"531f63f\" data-element_type=\"widget\" data-widget_type=\"text-editor.default\">\n\t\t\t\t<div class=\"elementor-widget-container\">\n\t\t\t\t\t\t\t\t\t<p><strong><span class=\"text2bold\">English:<\/span><\/strong><\/p><p>&#8222;Performance art gives me the possibility to show fragments of cultural variety&#8230;<br \/>It is the contradiction in social life &#8211; and, by emotion and phantasy, the world of dream and<br \/>imagination. &#8222;<\/p><p>Susanne Helmes works as a Performance Artist and lives in Cologne, Germany and in Mallorca, Spain. She studied anthropology and art history (M.A.), mime and modern dance, worked as a street mime and served tables all over the world.<br \/>Since 1985 she is connected to &#8222;Time and Space Limited&#8220;, Linda Mussmann and Claudia Bruce, New York, to collaborate with in mind and work with in person.<\/p><p><strong>Attack!<\/strong><br \/>In 1984 she founded SusaHee Performance , based in Cologne, Germany as a self-producing, do-it-yourself and nevertheless one-person-and-more-group.<\/p><p>She produces Solo- and Group Performances and works together with artists of all different genres.<\/p><p>From 2002 &#8211; 2014: Project AZUL, DanceTheatre with and for Children and Youths at Mallorca.<\/p><p>Since 2016: FLIPBOOK &#8211; interdisziplinary and international festival at Mallorca for artistic exchange with presentations in public space.<\/p><p>\u201dThe fusion of movement, voice, objects, acoustical impressions, music and sometimes painting creates the image that constantly changes.\u201d<\/p>\t\t\t\t\t\t\t\t<\/div>\n\t\t\t\t<\/div>\n\t\t\t\t<\/div>\n\t\t<div class=\"elementor-element elementor-element-c529411 e-con-full e-flex e-con e-child\" data-id=\"c529411\" data-element_type=\"container\">\n\t\t\t\t<div class=\"elementor-element elementor-element-7ac219d elementor-widget__width-initial elementor-widget elementor-widget-text-editor\" data-id=\"7ac219d\" data-element_type=\"widget\" data-widget_type=\"text-editor.default\">\n\t\t\t\t<div class=\"elementor-widget-container\">\n\t\t\t\t\t\t\t\t\t<p><strong><span class=\"text2bold\">Castellano:<\/span><\/strong><\/p><p>La puesta en escena \u2013 ideas, proyectos, im\u00e1genes y sentimientos &#8230;.<br \/>Danza \u2013 Objetos \u2013 Voz<\/p><p>&#8222;El arte de la performance hace posible la expresi\u00f3n de fragmentos de la variedad cultural &#8230;. se trata de los contrastes sociales as\u00ed como del mundo de los sue\u00f1os e imaginaciones filtrado a trav\u00e9s de las emociones y la fantas\u00eda.\u201d<\/p><p>Susanne Helmes es artista dedicada al mundo de la performance y vive en Alemania y Mallorca. Licenciada en Historia del Arte y Etnolog\u00eda hizo rodeos para llegar al escenario; se form\u00f3 en pantomima cl\u00e1sica y danza contempor\u00e1nea, trabaj\u00f3 como artista callejera y de camarera en todo el mundo.<\/p><p>Desde 1985 Susanne Helmes est\u00e1 estrechamente vinculada con el proyecto Time and Space Limited de Linda Mussmann y Claudia Bruce, Nueva York, que han encontrado en Merce Cunningham y John Cage sus compa\u00f1eros de reparto en la jungla de las artes.<br \/>Esta colaboraci\u00f3n sigue existiendo hoy en d\u00eda \u2013 tanto intelectual como f\u00edsicamente.<\/p><p><strong>\u00a1Al ataque!<\/strong><br \/>Se fund\u00f3 &#8222;SusaHee Performance\u201d, con sede en Colonia, Alemania, como grupo independiente, autoproducente y sin compromisos \u2013 formado por una persona o por varias.<br \/>Fundamentalmente se trata de una colaboraci\u00f3n con artistas procedentes de diferentes g\u00e9neros.<\/p><p>De 2002 &#8211; 2014: Proyecto AZUL, DanzaTeatro con y para ni\u00f1os y Jovenes en Mallorca.<\/p><p>Desde 2016: FLIPBOOK &#8211; un festival interdisciplinario y internacional en Mallorca con la finalidad de trabajar diferentes enfoces en actividades en grupo y presentaciones a sitios p\u00fablicos. Es un excambio artistico&#8230; en la diversidad se encuentra la unidad!<\/p><p>&#8222;La uni\u00f3n entre danza, voz, objetos, m\u00fasica, textos y creaci\u00f3n visual produce la imagen que est\u00e1 en permanente modificaci\u00f3n.\u201d<\/p>\t\t\t\t\t\t\t\t<\/div>\n\t\t\t\t<\/div>\n\t\t\t\t<\/div>\n\t\t\t\t\t<\/div>\n\t\t\t\t<\/div>\n\t\t\t\t<\/div>\n\t\t","protected":false},"excerpt":{"rendered":"<p>Inszenieren! Ideen und Konzepte Performative Kunst Deutsch: &#8222;Performance Kunst gibt die M\u00f6glichkeit, Fragmente der kulturellen Vielfalt auszudr\u00fccken&#8230; es sind die sozialen Gegens\u00e4tze \u2013 und, gefiltert durch Emotion und Phantasie, die Welt der Tr\u00e4ume und Vorstellungen.&#8220; Susanne Helmes ist Performance K\u00fcnstlerin und lebt in K\u00f6ln und Mallorca.Als Ethnologin und Kunsthistorikerin kam sie \u00fcber Umwegen zur B\u00fchne, [&hellip;]<\/p>\n","protected":false},"author":1,"featured_media":0,"parent":0,"menu_order":0,"comment_status":"closed","ping_status":"open","template":"","meta":{"ngg_post_thumbnail":0,"ocean_post_layout":"","ocean_both_sidebars_style":"","ocean_both_sidebars_content_width":0,"ocean_both_sidebars_sidebars_width":0,"ocean_sidebar":"0","ocean_second_sidebar":"0","ocean_disable_margins":"enable","ocean_add_body_class":"","ocean_shortcode_before_top_bar":"","ocean_shortcode_after_top_bar":"","ocean_shortcode_before_header":"","ocean_shortcode_after_header":"","ocean_has_shortcode":"","ocean_shortcode_after_title":"","ocean_shortcode_before_footer_widgets":"","ocean_shortcode_after_footer_widgets":"","ocean_shortcode_before_footer_bottom":"","ocean_shortcode_after_footer_bottom":"","ocean_display_top_bar":"default","ocean_display_header":"default","ocean_header_style":"","ocean_center_header_left_menu":"0","ocean_custom_header_template":"0","ocean_custom_logo":0,"ocean_custom_retina_logo":0,"ocean_custom_logo_max_width":0,"ocean_custom_logo_tablet_max_width":0,"ocean_custom_logo_mobile_max_width":0,"ocean_custom_logo_max_height":0,"ocean_custom_logo_tablet_max_height":0,"ocean_custom_logo_mobile_max_height":0,"ocean_header_custom_menu":"0","ocean_menu_typo_font_family":"0","ocean_menu_typo_font_subset":"","ocean_menu_typo_font_size":0,"ocean_menu_typo_font_size_tablet":0,"ocean_menu_typo_font_size_mobile":0,"ocean_menu_typo_font_size_unit":"px","ocean_menu_typo_font_weight":"","ocean_menu_typo_font_weight_tablet":"","ocean_menu_typo_font_weight_mobile":"","ocean_menu_typo_transform":"","ocean_menu_typo_transform_tablet":"","ocean_menu_typo_transform_mobile":"","ocean_menu_typo_line_height":0,"ocean_menu_typo_line_height_tablet":0,"ocean_menu_typo_line_height_mobile":0,"ocean_menu_typo_line_height_unit":"","ocean_menu_typo_spacing":0,"ocean_menu_typo_spacing_tablet":0,"ocean_menu_typo_spacing_mobile":0,"ocean_menu_typo_spacing_unit":"","ocean_menu_link_color":"","ocean_menu_link_color_hover":"","ocean_menu_link_color_active":"","ocean_menu_link_background":"","ocean_menu_link_hover_background":"","ocean_menu_link_active_background":"","ocean_menu_social_links_bg":"","ocean_menu_social_hover_links_bg":"","ocean_menu_social_links_color":"","ocean_menu_social_hover_links_color":"","ocean_disable_title":"default","ocean_disable_heading":"default","ocean_post_title":"","ocean_post_subheading":"","ocean_post_title_style":"","ocean_post_title_background_color":"","ocean_post_title_background":0,"ocean_post_title_bg_image_position":"","ocean_post_title_bg_image_attachment":"","ocean_post_title_bg_image_repeat":"","ocean_post_title_bg_image_size":"","ocean_post_title_height":0,"ocean_post_title_bg_overlay":0.5,"ocean_post_title_bg_overlay_color":"","ocean_disable_breadcrumbs":"default","ocean_breadcrumbs_color":"","ocean_breadcrumbs_separator_color":"","ocean_breadcrumbs_links_color":"","ocean_breadcrumbs_links_hover_color":"","ocean_display_footer_widgets":"default","ocean_display_footer_bottom":"default","ocean_custom_footer_template":"0","footnotes":""},"class_list":["post-2","page","type-page","status-publish","hentry","entry"],"_links":{"self":[{"href":"https:\/\/www.susahee.de\/SHblog\/wp-json\/wp\/v2\/pages\/2","targetHints":{"allow":["GET"]}}],"collection":[{"href":"https:\/\/www.susahee.de\/SHblog\/wp-json\/wp\/v2\/pages"}],"about":[{"href":"https:\/\/www.susahee.de\/SHblog\/wp-json\/wp\/v2\/types\/page"}],"author":[{"embeddable":true,"href":"https:\/\/www.susahee.de\/SHblog\/wp-json\/wp\/v2\/users\/1"}],"replies":[{"embeddable":true,"href":"https:\/\/www.susahee.de\/SHblog\/wp-json\/wp\/v2\/comments?post=2"}],"version-history":[{"count":84,"href":"https:\/\/www.susahee.de\/SHblog\/wp-json\/wp\/v2\/pages\/2\/revisions"}],"predecessor-version":[{"id":274,"href":"https:\/\/www.susahee.de\/SHblog\/wp-json\/wp\/v2\/pages\/2\/revisions\/274"}],"wp:attachment":[{"href":"https:\/\/www.susahee.de\/SHblog\/wp-json\/wp\/v2\/media?parent=2"}],"curies":[{"name":"wp","href":"https:\/\/api.w.org\/{rel}","templated":true}]}}